its digit of h(-3)?
5
Suppose 0 = 4*i + 3*j + 1, -j = i + 1 - 0. Let l be -6 + 2/i - -2. What is the units digit of 0 + 1 - 15/l?
6
Let v be (-1616)/(-18) + 6/27. Suppose 2*q = 5*q - v. What is the tens digit of q?
3
Let n(v) = -v - 2*v + 11*v**3 + 2*v - 1. Let z be n(-1). Let s = -1 - z. What is the units digit of s?
0
Let d(w) = -w**3 - 2*w**2 - 5*w - 7. Let x be d(-5). Suppose -3*o + 4*z + x = 0, -z + 9 = -4*z. What is the units digit of o?
7
Suppose 0*n - 5*n + 26 = 2*d, 2*n + 4*d - 20 = 0. Let y(q) = -2*q + 5. Let i be y(n). What is the tens digit of 0 + (66/(-2))/i?
1
Let u = 112 - -76. What is the units digit of u?
8
Suppose 0 = -5*h + 100 + 30. What is the tens digit of h?
2
Suppose -11*o + 8*o = -297. What is the tens digit of o?
9
What is the units digit of -12*(-5)/((-40)/(-6))?
9
Suppose 2 = -2*q, -5*u - 4*q = -3*q - 124. What is the tens digit of u?
2
Suppose 3*i = -c + 268, -i - 5*c + 81 = -3*c. Let p = -51 + i. Suppose 0 = 5*f + 3*g - p, -4*g + 6 = f - 2. What is the units digit of f?
8
Suppose x - 5*h = -0 - 4, -x + 16 = 5*h. Let y be (-539)/(-35) + x/10. Suppose 0 = -3*o + 4*r + y, -4*o - r = 3*r - 40. What is the units digit of o?
8
Suppose 0 = 5*j, -5*h - j - 13 - 7 = 0. What is the tens digit of -3 - h/(-8)*-62?
2
Suppose 0 = 4*c - 0*c. Suppose -y + 0 + 1 = c. What is the units digit of y?
1
Let y = 25 + -47. Let j be (-57)/(-11) - (-4)/y. Let l(r) = r**3 - 4*r**2 - 5*r + 4. What is the units digit of l(j)?
4
What is the tens digit of 3*(-17)/3*1*-6?
0
Suppose s + 819 = 5*z + 230, -3*z = s - 347. What is the units digit of z?
7
Let f(v) = -v. Let u(x) = -x + 7. Let z(r) = 3*f(r) - u(r). What is the units digit of z(-13)?
9
Let t(g) = 6*g - 7. Let h be 6/(((-18)/(-8))/3). Let p be t(h). Suppose -3*f - 28 = -4*l + 2*l, -3*l + 4*f = -p. What is the units digit of l?
1
Let p be 4*2*(-1)/(-2). Let g(d) = -3*d**2 - 13*d - 6. Let c(l) = 5*l**2 + 20*l + 9. Let t(i) = -5*c(i) - 8*g(i). What is the units digit of t(p)?
3
Suppose f = -2*j + 59, j = -3*j + 2*f + 130. What is the tens digit of j?
3
Suppose -4*x - 2*p + 216 = 3*p, 4*x + 3*p = 216. What is the tens digit of x?
5
Suppose -5*y + 198 = -x - 3*x, -46 = -y + 4*x. What is the tens digit of y?
3
Let w(y) = -y + 1. Let h be w(-3). Let q(f) = -14 + 4 + 4*f + 5. What is the tens digit of q(h)?
1
Suppose -720 = -4*j - 2*z, 3*z = 3*j + 4*z - 540. What is the hundreds digit of j?
1
What is the units digit of 29*15*(-10)/(-25)?
4
Let t = -69 + 115. What is the units digit of t?
6
Let o = -12 - -6. Let q be ((-5)/2)/(3/o). Suppose 2*w - q = w. What is the units digit of w?
5
Let t = -3 + 7. What is the tens digit of (-212)/(-16) - 1/t?
1
What is the units digit of (2*-10)/((-2)/4)?
0
Let c(z) = -z - 2. Let v be c(9). Let t = 52 + v. What is the units digit of t?
1
Suppose k - 67 = -4*p - 0*p, 3*p - 3*k = 39. Let f = 4 - 7. Let r = p - f. What is the units digit of r?
9
Suppose -4*m = 4*n - 3*m - 2, -8 = 4*m. What is the units digit of -10*n/(10/(-6))?
6
What is the tens digit of -25*(-6)/(-3)*(-10)/5?
0
Let x(y) = 2*y**2 - 4*y. Let m(r) = -2*r**2 - 4*r - 2. Let o be m(-2). Let v = o + 5. What is the units digit of x(v)?
6
Suppose 5 = w - 24. What is the tens digit of w?
2
Suppose -241 = -2*p + v, -5 + 6 = v. What is the tens digit of p?
2
What is the units digit of 7/28 + 110/8?
4
Let g(f) = f**3 + 13*f**2 + 4*f - 1. What is the units digit of g(-11)?
7
Let h = -33 - -174. What is the tens digit of h?
4
Let c = 75 + -31. What is the tens digit of c?
4
Suppose 0 = n + 26 - 6. What is the units digit of (-254)/(-9) + n/90?
8
Let x be 3/(2 + 1) + 1. Let t be ((-24)/4)/(-1*x). What is the units digit of 2 + (t - (2 - 2))?
5
Let l(t) = 19*t + 3. Let r be l(3). Let i = 92 - r. What is the units digit of i?
2
Let t be 5*1 - (2 - 1). Suppose o = t*f, -5*o + 0*f + 23 = 3*f. What is the units digit of (-80)/(-12) + o/(-6)?
6
Let c = 47 - -13. Let g = c - 35. What is the units digit of g?
5
Suppose -3*x + 4*x + 115 = p, 4*x = p - 106. What is the units digit of p?
8
Let b = 11 - 6. What is the units digit of b?
5
What is the units digit of 6/(-15)*(-187 + 2)?
4
Suppose -3 = c - 30. Suppose 5*t + c = 72. What is the units digit of t?
9
Let i be -1 + -2 + 1 - 14. Suppose -2*g = -2*r + 1 + 7, 0 = 4*g - r + 7. What is the units digit of i/(-2) + 0 + g?
7
Suppose -3*s = -14 - 4. Let q(o) = -o**3 + 9*o**2 - 8*o - 1. Let k be q(8). What is the units digit of k + 6*s/9?
3
Let k(y) = -3*y - 3. Let i(u) = -u - 2. Let d = 7 - 7. Let s be i(d). What is the units digit of k(s)?
3
Let b(g) = 2*g**2 - 4 + 5*g + 0 - 16*g - g**2. What is the units digit of b(12)?
8
Let k = 28 - -38. What is the units digit of k?
6
Let v(h) = h**2 - 2*h - 1. Suppose -3*u = -0*u + 3. Let l be v(u). What is the units digit of (10/(-5))/(l/(-10))?
0
Suppose 61 = 4*o + d, -3*d - 4 - 37 = -4*o. What is the units digit of o?
4
Let i be 52/10 + (-1)/5. Suppose 0 = -5*z + i*h, z = 4*h + h - 8. Suppose -z*l = -l - 11. What is the tens digit of l?
1
Let c(a) = a**3 - a**2 + a + 1. Let q(j) = 4*j**3 - 9*j**2 + 11*j. Let d(k) = -3*c(k) + q(k). Let n be d(5). Suppose -2*m + n = 2. What is the units digit of m?
5
Let x be 1/(0/(-1) + 1). Let s be -2*1 + (x - -3). Suppose 6*d = s*d + 20. What is the units digit of d?
5
Let a(n) = n**3 - n**2 + 63. What is the units digit of a(0)?
3
Suppose 5 - 1 = 4*i. Let m be (i - -2)/3 + 0. Let u = 7 - m. What is the units digit of u?
6
Let i(w) = w**2 + 6*w - 5. Let q be i(-7). Suppose -o = q*o - 6. Suppose -z + m + o = 0, 0 = 2*z - 3*z + 3*m. What is the units digit of z?
3
Let b = 18 - 1. What is the units digit of (-1)/2*-6 + b?
0
Let o be (-4)/(-6) + (-40)/(-12). Suppose 2*q + 3 = 5, -2*q - 82 = -o*n. What is the tens digit of n?
2
Let o be 8/(-20) - 7/(-5). Let d = o - -2. Suppose 3*g = -0*g - 6, 5*x + d*g - 29 = 0. What is the units digit of x?
7
Suppose 0*t = -2*t - 4*w + 248, 0 = 3*t + 2*w - 356. What is the units digit of t?
6
Suppose 15 = 7*u - 2*u. Suppose -u*a + 7*a = 0. Suppose 3*q + 4 - 34 = a. What is the units digit of q?
0
Suppose -96 = -4*g + 24. Let s = g - 15. What is the tens digit of s?
1
Let j be -26*(-2)/(-4)*-1. Suppose 4*x - 3*x = -2*p + j, 4*x + 2*p - 34 = 0. What is the units digit of x?
7
Let w = -2 + -6. Let z(n) = -n - 10. Let u be z(w). Let o = u + 8. What is the units digit of o?
6
Let b(p) = 3*p**2 + 11*p + 53. What is the units digit of b(-7)?
3
Suppose -4*x + 8*x - z = 93, z + 116 = 5*x. What is the units digit of x?
3
Suppose l + x = 153, -11*l + 7*l + 612 = 3*x. What is the tens digit of l?
5
Let n = -2 - -2. Suppose 0*q + 2*q - 5*w = -6, n = -2*q + w + 2. What is the units digit of q/(-5) - (-22)/5?
4
Let w(r) = 8*r - 2. Let p(v) = -15*v + 3. Let g(n) = -4*p(n) - 7*w(n). Suppose 3*o + j - 6 = 4, -3*o = -4*j + 10. What is the tens digit of g(o)?
1
Let y be 0/(-6) - 4/2. What is the units digit of (-2 - 0)*9/y?
9
Let i(h) = h**3 - h**2 + h + 3. What is the units digit of i(3)?
4
Let z = 10 + -1. Let v be (-2)/(-4) - z/(-2). Suppose -5*p + 4 - 14 = 0, 11 = v*u - 3*p. What is the units digit of u?
1
Let r = 34 - 13. Suppose 5*t - r = 2*t. Let c(z) = z - 1. What is the units digit of c(t)?
6
Suppose 3*l = -3*f + 30, f - 5*f + 5 = -3*l. Suppose 3*a = -4*j + 36, -a + 7 + l = -4*j. What is the tens digit of a?
1
Suppose n - 7 = 35. What is the tens digit of n?
4
Let u(v) = -v**2 - 2. Let o be u(0). Let b = 0 + 0. What is the units digit of (-20)/o + (-2 - b)?
8
Let x be (7 - -1)*7/2. Let d = 44 - x. What is the units digit of d?
6
Suppose 0 = -11*h + 7*h - 84. Let c = h + 43. What is the units digit of c?
2
Suppose 0 = 3*m + p - 97, 0 = -0*m - 3*m + 2*p + 103. What is the tens digit of m?
3
Let x = -50 + 49. Let o(k) = -k**3 + 3*k**2 + 2*k + 5. Let v be o(4). What is the units digit of 1 + x - (v - -2)?
1
Let k(b) = -2*b + 1 - 6*b**2 + 5*b**2 + 1. Let g be k(-4). What is the tens digit of (56/g)/(6/(-9))?
1
Let h(l) = -l**2 + 4 + 2*l**2 - 9*l - 1. Let s be h(9). Suppose -7*b + 8 = -r - s*b, -b = -r + 1. What is the units digit of r?
4
Suppose -3*z = -6, -8 = -2*q - 5*z + 44. What is the units digit of q?
1
Suppose z - 1 - 3 = 0. Suppose x - 6 = 4*h - 3*h, -18 = -z*x + h. Suppose -x*y + 13 = n - 0*y, 2*n + 4*y = 22. What is the units digit of n?
9
Suppose m = 6*m - 5. Suppos